are the prime factors of q?
3
Suppose -2*g - 3*q + 2 = -46, 0 = 5*g + q - 120. What are the prime factors of (1 - -11) + g/(-8)?
3
Suppose 0*r = -2*r + 4. Suppose -r*l = -0*l - 2*c - 2, 2*l = -3*c + 22. Suppose 2*k = 3*k + l*a + 7, 2*k = 4*a + 14. What are the prime factors of k?
3
Let j = -122 + 175. What are the prime factors of j?
53
Suppose 0 = -u, -3*v + 5 = 5*u + 14. Let k = v + 6. Suppose -5*d = -3*w - 51, w + 11 = -2*d + k*d. What are the prime factors of d?
3
Suppose -4*y = 5*l + 143 - 699, -l + 116 = -4*y. Let a = l - 77. List the prime factors of a.
5, 7
Suppose 0 = 4*u - 2*n + 14, 4*u + 9 = -2*n - n. Let o = 4 - u. What are the prime factors of o?
7
Suppose 0 = -2*k + 8 - 0. Suppose 101 = k*c + 29. What are the prime factors of c?
2, 3
Let h(z) = -3*z**2 + z + z**2 + 3*z**2 + 2. Let f be h(2). Suppose f*r = 3*r + 65. What are the prime factors of r?
13
Suppose 2*f - 45 = -2*f + 3*s, 0 = -f - 2*s + 3. Let o = f + -7. List the prime factors of 12 - (-3 - (-4 + o)).
13
Suppose 14 = -2*p - 4*g - 0, g = 4*p + 37. List the prime factors of p/(2/4 + -1).
2, 3
What are the prime factors of 1 + (2/2 - -32)?
2, 17
Let v(x) = -x**2 - x + 5. Let n be v(0). Let d be n*((-6)/15 + 1). Suppose d*i - 29 = -2*b + 4*b, 5*i = -b + 57. List the prime factors of i.
11
Let z(q) = -4*q - 12. Let k be z(-11). Suppose -k = -5*y + 28. List the prime factors of y.
2, 3
Suppose 4 = -5*v + 6*v. Suppose 15 = 3*l, 5*l = -v*j + j + 31. What are the prime factors of j?
2
Let i(t) = -4*t**2 - t. Let d be i(-1). List the prime factors of 2 + d/((-9)/24).
2, 5
Let m(r) = -3*r**3 - r**2 + r + 1. Let a be ((-2)/6)/((-4)/12). Let p = 0 - a. List the prime factors of m(p).
2
Suppose 6*q - 7 = 5. Suppose -3*j + 80 = q*j. List the prime factors of j.
2
Let l(k) = 18*k**2 - 2*k. Suppose 4*w = 4*h - 16, 4*h = -h - 4*w - 7. List the prime factors of l(h).
2
Let v be (1 - 3)/(2/19). Let k(f) = -3*f**3 + 4*f**2 + 4*f + 2. Let t be k(-2). Let z = v + t. List the prime factors of z.
3, 5
Let f = 11 + -26. Let c = f + 28. Suppose 3*n - 4*n = -2*y - c, 0 = -3*n - 5*y + 17. List the prime factors of n.
3
Let p(k) = -4*k**2 + 4*k - 3. Let t(y) = 6*y**2 - 6*y + 5. Let c(d) = -8*p(d) - 5*t(d). List the prime factors of c(3).
11
Let d be 24/(-16) - (-1)/2. List the prime factors of 1*(48/2 + d).
23
Let c(h) = 11*h**2 + h. Let i(r) = 5*r**2. Let u(p) = -4*c(p) + 9*i(p). Let j be u(5). Suppose -j*g = -26 - 14. What are the prime factors of g?
2
Let o = 441 - 312. Let n = -88 + o. What are the prime factors of n?
41
Let x(i) = 4*i**2 + 9*i - 8. Let y(s) = 3*s**2 + 8*s - 7. Let h(f) = 4*x(f) - 5*y(f). Let p be h(3). Suppose p*n + 25 = 5*n. List the prime factors of n.
5
Suppose 2*w - 108 - 140 = 0. List the prime factors of w.
2, 31
Let b = -68 + 122. Suppose -6 = 4*d - b. List the prime factors of d.
2, 3
Let t(w) = w**3 - w**2 - 3*w + 4. Let l be t(-3). Let a(i) = i**3 - 6*i**2 - i - 3. Let z be a(5). Let q = l - z. What are the prime factors of q?
2, 5
Let h = 8 - 5. Suppose b = 5*b + g - 113, -g = h*b - 85. Suppose -2*v = 2*v - b. What are the prime factors of v?
7
Suppose -4*m + 2*r + 24 = 0, 4*m + r = -m + 16. List the prime factors of m.
2
Let c be 2*3*-1 + 1. Let v = c + 7. Suppose h - 2*r = 0, -v*h - 5*r = -2 - 16. List the prime factors of h.
2
Let r = 31 - -14. List the prime factors of r.
3, 5
Let c(d) = -d**3 + 15*d**2 + 16*d + 6. List the prime factors of c(16).
2, 3
List the prime factors of (-12)/(-3 + (-32)/(-12)).
2, 3
Let f(l) = -l**2 + 9*l + 6. Let p be f(9). Let z = p - 2. Suppose 11 = k + 2*n, -4*k + 0*k + 2*n = -z. What are the prime factors of k?
3
Let t(z) = z - 13. Let f be t(-10). What are the prime factors of f/(-2)*(3 + -1)?
23
Let o(i) = -2*i + 9. Let s be o(5). List the prime factors of -1 - (-20)/(-2)*s.
3
Let v(p) = -p**3 + 4*p**2 - 3*p. Let o be v(2). Let y(r) = 11*r**2 - 1. What are the prime factors of y(o)?
43
Let y be 0 + (5 - (1 + -1)). Suppose 6 = u + a, y*u - 9 - 11 = 5*a. Suppose -u*h = -4*m - 60, -2*m - 2*m = h - 12. List the prime factors of h.
2, 3
Let v(q) = -6*q + 2. Let n(w) = w**2 + 3*w - 2. Let p be n(-3). What are the prime factors of v(p)?
2, 7
Let k(q) = q**3 - 7*q**2 + 8*q - 5. Let p(i) = -i - 6. Let m be p(-5). Let t be ((-2)/(-2))/(m/(-6)). What are the prime factors of k(t)?
7
Let w(z) = -z**3 + 3*z**2 + 5*z - 4. Suppose 5*i = -5*h + 10, i - 9 + 3 = -2*h. Let m = i + 5. What are the prime factors of w(m)?
11
Suppose 18 = 5*u - 2. Suppose 5*l + 24 = -6*z + 3*z, 0 = -u*z - 4*l - 24. What are the prime factors of z/6*0 + 10?
2, 5
What are the prime factors of (174/4)/(39/52)?
2, 29
Let a(y) = 3*y - 42. Let r(u) = 16*u - 210. Let g(n) = -11*a(n) + 2*r(n). Let v be g(0). What are the prime factors of -10*(2 - v/15)?
2
Let x = -14 + 27. Let c = x + -6. List the prime factors of c.
7
Let z(f) = -2*f - 7. Let l be z(-5). Let r(t) = -6 + l + 1 + 5*t - 2. What are the prime factors of r(4)?
2
Let y = 153 + 99. What are the prime factors of y?
2, 3, 7
Let f = 60 - -4. Suppose 0 = b - 3*b + f. What are the prime factors of b?
2
What are the prime factors of (-1715)/(-30) - (-1)/(-6)?
3, 19
Suppose -3*j = 4*z - 21, 4*z - 15 = -4*j + 3*z. Suppose 29 = j*h - 4*i, -h - 2*i = i - 1. Suppose -4*y + 13 = -h. What are the prime factors of y?
5
Let m(o) = -3*o - 7. Let t(z) = 6*z + 15. Let w(f) = -5*m(f) - 2*t(f). Let g be w(5). Suppose 0 = -6*d + d + g. What are the prime factors of d?
2
Suppose 0*p - 20 = 4*p. Let z = -1 - p. Suppose 32 = z*i - 4*s, 2*s + 30 = i + 3*i. What are the prime factors of i?
7
Suppose 2 = 3*v - 4. Let c(f) = -2 + 1 + 6*f - 3*f. What are the prime factors of c(v)?
5
Let d = 78 + -49. What are the prime factors of d?
29
Suppose -v = -2*v - 4*n + 186, 3*v + n = 514. What are the prime factors of v?
2, 5, 17
Suppose 2*m - 7*m + 100 = 0. What are the prime factors of m?
2, 5
Let g be ((-10)/6)/((-2)/12). Suppose g*p - 5*p = 125. What are the prime factors of p?
5
Suppose -5*p = -15, 6*w - 4*w - p = -15. Let r be (-1 - -1)/(-4 - w). List the prime factors of 0 - 1 - (r - 7).
2, 3
Let v(z) = z**2 - 9. Let c be v(-4). Suppose -3*d - 76 = -c*d. List the prime factors of d.
19
Let s(w) = w**3 - 4*w**2 + w + 4. Let t be s(3). What are the prime factors of t + (-15)/3*-3?
13
Let w = -106 - -166. Let h = -38 + w. Suppose u = 3*u - h. What are the prime factors of u?
11
Let u(a) = a**2 - 16*a - 3. What are the prime factors of u(18)?
3, 11
Suppose -4*y + 0 + 8 = 4*c, -3*c + 4 = 2*y. Suppose y*l - 2 = 6. List the prime factors of l.
2
Let d = 330 - 210. What are the prime factors of d?
2, 3, 5
Suppose -q + 1 = 0, q = 7*i - 3*i - 79. Suppose c = -4*c + i. Suppose -c*k + 6 = -k. What are the prime factors of k?
2
Let m = 4 + -7. Let z = m - -4. What are the prime factors of (9 - (1 - 2)) + z?
11
Let p(h) = 9*h - 6. Let n be p(4). Suppose -4*o + n = t + 2*t, -t = 5*o + 1. What are the prime factors of t?
2, 7
Let z be (15/(-6))/((-1)/2). Suppose 0*w + 2*w + 6 = 0, z*k - 5*w = 55. List the prime factors of (-2 + k)/3 + 1.
3
Let o(j) = -45*j - 12. What are the prime factors of o(-4)?
2, 3, 7
Let u(t) = -2*t + 1. Let a be u(-1). Suppose -7*p + a*p = 4*y + 52, 4*p + 3*y + 51 = 0. Let b = p - -24. List the prime factors of b.
2, 3
Let r(l) = l + 5. Let c(o) = o. Let k be c(3). Let w be (-2)/(-3) - (-13)/k. What are the prime factors of r(w)?
2, 5
Suppose 60 = 2*d + 6. What are the prime factors of d?
3
Let l = 7 - 5. Let a(z) = 10*z - 3 + 4*z**l - 5 - z**3 + 2*z**2. What are the prime factors of a(7)?
13
Let z = -9 + 8. Let r be (-42)/12*(-1 + z). Suppose -3*l + r = -11. List the prime factors of l.
2, 3
Suppose 0*t - 3*t - 5*v - 22 = 0, -2*t - 5*v = 23. Let n = 30 + t. List the prime factors of n.
31
Let s = 7 + 2. Let i be 52/s - 8/(-36). What are the prime factors of -2 + i/(-4)*-12?
2
Let p = 2 - -1. Suppose 0 = 5*x + m - 4*m - 14, m = -p. What are the prime factors of x*6*6/4?
3
Let h be (1 + -400)/3 + -2. Let y = -189 - h. What are the prime factors of 5*(y/15)/(-2)?
3
Let o = -72 - -101. Let s = o + -13. What are the prime factors of s?
2
Let g be (-20)/8*(-3 + 1). Suppose -3*x = 3*z + 3, 18 = 2*x - g*z - 1. What are the prime factors of x?
2
Suppose 3*z + 60 = 4*c, -8*z - 100 = -3*z + 5*c. Suppose -3*u = r - 24, -3*r + 5*u - 22 = -122. L